 - -10) + -7)?
-26
What is the value of 0 + 0 + -26 + 17?
-9
What is the value of 2 + 5 + -9 - (25 - (-13 + 23))?
-17
Calculate 5 - (16 - 15) - 4.
0
What is the value of (-4 - 4) + -9 - (-2 + 14)?
-29
Evaluate -2 - (15 + (-25 - -15 - 1)).
-6
Calculate -6 + 25 + -2 + 0 + -9.
8
What is the value of (-19 - -2) + (22 - (5 - -15))?
-15
Evaluate (1 - -4) + 294 + -328.
-29
What is the value of 7 - ((3 - (-6 - -6)) + 17)?
-13
3 - 14 - (-59 + 40)
8
-2 + (-1 - -7) + (-33 - -10) + 13
-6
-14 + 29 + -26 - -11
0
Calculate 5 + -3 + 7 - (31 - 29).
7
Evaluate 23 + 2 - (-43 - -50).
18
What is 9 - (10 + (-1 - -4 - (2 - -3)))?
1
Calculate 0 - -3 - (6 + 4 + -6 - 9).
8
Evaluate (4 - 28) + 5 + (-13 - -11).
-21
Evaluate 16 + -5 + -5 + -9 - 10.
-13
Calculate (-1 - -7) + (-75 - -68).
-1
What is the value of -7 - ((11 - 5) + -24 + -6)?
17
Evaluate (-6 - -4) + (-57 - -47).
-12
What is the value of 0 + (-8 - -2 - -6) + 5 - -11?
16
What is the value of -8 - (9 + -16 + 2) - (-2 + -11)?
10
(-3 - 3) + -2 + 31 + 1 + -10
14
Calculate 7 - (-1 - (-4 + -1)) - -4.
7
What is (-3 - -3 - -10) + (-2 - (9 - 15))?
14
Calculate -5 - (1 + -3 + -18) - (10 + -3).
8
-3 + (23 + -3 + 14 - (5 + 1))
25
What is the value of -6 + (11 + -6 - -11 - (4 - 3))?
9
What is the value of (-10 - 15) + 11 - -13?
-1
What is -18 + (-1 - -5 - -18)?
4
0 + 0 + 4 - (-8 + (-26 - -18))
20
(-2 - -2) + (-31 - -64) + -29
4
-44 - (25 + -45 - -13)
-37
What is (1 - -4) + 8 - (35 - 19)?
-3
-21 - -13 - (1 + -3) - (-2 + -16)
12
Evaluate -10 - -5 - (127 - 142).
10
Calculate (0 - -5) + (61 - (55 + -9)).
20
(-14 + 17 - 7) + -10
-14
-6 + 5 + -2 + (1 - 3) + -8
-13
What is -7 + 0 + -1 - (0 + -8)?
0
Calculate 2 - (1 + 1) - (-40 + 48).
-8
What is the value of 3 + -15 - (1 - 42)?
29
-1 - (15 + -10 + -1)
-5
Calculate -2 - ((3 - 6) + (2 - 2)).
1
(0 - -7 - 1) + 64 + (-89 - -39)
20
14 - (2 - (11 + -8) - -5)
10
What is 24 - (-37 + 44 + 30)?
-13
Calculate (45 + -34 - 29) + 14.
-4
-13 - (-2 + (-8 - -5) + (4 - -2))
-14
Calculate (4 - 0 - 7) + -5 + 1.
-7
Calculate 1 - 0 - (-2 + 5 + -1 + 6).
-7
What is the value of -17 - (7 - (-1 - -12))?
-13
What is the value of -22 - (7 + 1 - 8)?
-22
What is (-6 - -24 - 9) + -4 + 2 + -12?
-5
Calculate (-99 + 89 - 25) + 1 + 16.
-18
What is the value of (-206 - -221) + (-1 + -43 - 3)?
-32
Calculate 1 + 15 - (72 + -151 - -64).
31
Calculate 244 + -242 - (1 - 4 - (-7 - 2)).
-4
What is the value of 0 + 1 + -5 - (18 - 17)?
-5
What is 135 - 134 - (27 - -2)?
-28
Evaluate 0 + 19 - (-74 + 90).
3
What is the value of 13 + (13 - 28) + 8?
6
Evaluate 1 - (13 + -7 + -3 + 3).
-5
Calculate -7 - (0 + (-16 - (-13 + 7))).
3
What is -7 + 19 + -7 + -17?
-12
What is the value of 84 + -124 + 1 + -3 + 6?
-36
What is -17 + -9 + 10 + 5 + 23?
12
Evaluate -10 + (-17 - -7) + 11 + -10.
-19
What is the value of 8 - (-8 + (3 - 7 - -13))?
7
-13 + ((0 - -3) + 2 - (15 - 13))
-10
Evaluate (-1 - (-4 + 2 + -5)) + (182 - 193).
-5
Evaluate -8 + -3 + 8 - 6 - 0.
-9
What is the value of -27 - (106 + -98 - (3 + 14))?
-18
(4 - (14 + 22 + -16)) + -10
-26
What is (-3 - 3 - (-7 + 1)) + 14 + -2?
12
(17 - -57) + -81 - (-4 - (-2 + 1))
-4
Evaluate 2 + 0 + 20 - (0 + 14 + -10).
18
What is the value of -13 + 11 + 13 + -16?
-5
Calculate -6 + 1 - (13 + (3 - 15) + 3).
-9
5 - (-7 - (-19 - -12 - 11))
-6
55 - 49 - (1 - 1) - 7 - -7
6
16 - (-2 + (-4 + 12 - (5 + -1)))
14
Evaluate 18 + (-7 - (-5 - (-4 - 0))).
12
Calculate (-13 - -2) + 2 - (-120 - -120).
-9
Calculate -6 + -1 + (-13 - -13 - 15) + -3.
-25
What is the value of (-4 - (-12 - -20)) + 0?
-12
Calculate (-4 - (13 + (6 - 34))) + 16.
27
Evaluate (-4 - -1) + -1 + (5 - 2 - -24).
23
What is -3 + (3 - (-49 + 39 + (1 - -2)))?
7
What is the value of (4 - 3) + -9 + -7 + 1?
-14
Calculate (6 + 3 - 15 - -13) + 20.
27
Evaluate 67 + -87 - (1 + 3 - -7).
-31
What is the value of -4 + -4 + -6 + 1 + 5 - 11?
-19
What is the value of (65 - 53) + (0 - (-4 + 5))?
11
Calculate (17 - 9) + 0 + 3 - (-4 - 6).
21
What is the value of -1 + 2 - (-12 - (-39 - -35))?
9
What is -2 + -4 - ((23 - 19) + -10)?
0
What is (-2 - (-32 - -15)) + (-3 - (5 - 2))?
9
(0 - -5) + (-28 - (17 + -32)) + 4
-4
What is 15 - ((-2 - -4 - 8) + 13)?
8
Evaluate -14 - -8 - -1 - 8.
-13
Calculate 1 + (-5 + -18 + 64 - 5).
37
Evaluate 5 + -6 + 4 + 12 - -1 - 5.
11
-20 + 16 - (1 - (6 - 2))
-1
Evaluate (49 - 29) + -14 + 13.
19
What is (36 - 8) + -30 + 21?
19
(-1 - 2) + -28 + 50 + -14 + 14
19
What is (-15 - -1) + -9 + 3 - -7?
-13
Calculate -6 + 22 + (-7 - 6).
3
Evaluate -33 + -1 - (1640 - 1644).
-30
What is -11 + -2 + (-37 - -26) + -3?
-27
6 + 13 + 10 + -12
17
What is 36782 + -36755 - (7 + (-1 - (0 + -1)))?
20
What is the value of (6 - (-5 + 4 + 0)) + (3 - 11)?
-1
Evaluate -24 + 18 + -27 - -13.
-20
Evaluate 7 - -1 - 3 - (10 + -12).
7
What is (21 - 13) + (-15 - -29)?
22
Evaluate (9 + -8 - -4) + 3 - 8 - -4.
4
-9 + (-4 + 8 + -3 - -2) + 0
-6
Calculate (3 - -1) + 6 + (34 - 41) + 24.
27
What is the value of 1 + 8 - (-31 - -19)?
21
Evaluate -1 - -10 - 0 - (1781 - 1787).
15
Calculate (0 - -23) + (3873 - 3932).
-36
Calculate 1 + (-192 - -188 - (-1 - (0 - -2))).
0
What is 4 + 0 - (5 - 8 - 1 - 11)?
19
Calculate 28 - -1 - (332 - 316).
13
What is 25 - (19 + -22 + 9)?
19
What is the value of 23 - (35 + -15) - 2?
1
(0 - -1) + 6 + -13 + -2
-8
What is (-1 - -2) + (11 - (-13 + 22))?
3
What is the value of (-11 - 0) + -9 + 30 + -30?
-20
Evaluate -9 + -4 - (46 + -46).
-13
What is (-1 - 16 - (17 - 25)) + -4 + -2?
-15
What is 12 + -13 + -15 + (1 - (-4 + 1))?
-12
(11 + -18 - -2) + 2
-3
What is 6 + (2 + 2 - (-7 + (-5 - -6)))?
16
6 + 4 + -18 - (0 - -1 - 7)
-2
-9 - (17 + 23 + -30)
-19
7 + (-6 - (12 + (-2 - 11)))
2
What is the value of -4 - (-19 - -2 - -12)?
1
Calculate 42 + -4 - 7 - 5.
26
Calculate -17 + 5 + 6 - 1 - (-15 - -2).
6
Calculate (6 - -23) + 21 + -20.
30
What is -4 + 8 - (-3 + 0 + -13)?
20
What is 1 - (5 - 2) - (25 - 18)?
-9
(-32 - (3 - 4)) + 60
29
-26 + 15 + -6 + 6
-11
What is the value of ((12 - 1) + -4 + -8 - -3) + 3?
5
Calculate 0 + (-10 - -7) + -9.
-12
Calculate (9 - 13) + 3 + -5 + (10 - 0).
4
-18 - (-20 + 13) - (-1 - 0)
-10
What is 4 + 1 + 0 + 2 + 16?
23
What is 11 + -8 - 3 - (67 - 48)?
-19
What is 19 - (-5 - 0 - -3 - (-11 + 2))?
12
-7 + 12 + -9 - (11 - 2)
-13
Calculate (-13 + 30 - 36) + -6 + 2.
-23
-12 - -11 - (-3 - -2 - 10)
10
Calculate -20 + 3 + -8 + 7 + 5.
-13
3 + -5 + 0 - (0 - 17)
15
Calculate (0 - -5 - 3) + -28 + 29.
3
Evaluate (-24 - (-30 - -13)) + 1.
-6
What is the value of (-15 + 6 - 0) + -3 + 3?
-9
Calculate 1 + -13 + 12 - (-2 + 2).
0
Calculate (11 - 7) + -7 + 3 + -1 - 7.
-8
What is the value of -1 - (-16 + 18 - 19)?
16
Evaluate -6 - -1 - (-23 - -37).
-19
-11 + 10 - 7 - -36 - 9
19
Evaluate (-10 - 13 - 3) + 35.
9
What is (806 - 782) + (-1 - 33)?
-10
-3 - -23 - (6 + -21 - -52)
-17
What is the value of -12 + 5 + -2 + 0 + 2 + 13?
6
What is -15 - (18 + -5 + -3)?
-25
What is the value of -4 + (8 - 2) + -4 - 10?
-12
Calculate -7 + 5 + 1 + -15 + 18 + -11.
-9
What is (-7 - (3 + (0 - 10))) + 2 + 1?
3
What is -653 + 635 - (0 + 2)?
-20
59 + 22 - 30 - 44
7
What is the value of (-2 - 0) + 18 - (-40 + 16 + 20)?
20
What is (6 + -18 - -25) + -1?
12
Evaluate 3 - ((18 - 9) + -3).
-3
What is the value of -787 + 777 + 10 + -2 + 2 + 1?
1
Evaluate 2 + (4 - (6 + (-1 - 6 - -2))).
5
What is the value of (-12 - (-6 + -17)) + -16?
-5
Calculate 2 + -66 + 22 + (9 - (2 + -4)).
-31
4 - (-6 + -1 - -17) - (29 - 65)
30
Evaluate -3 + 1 + 8 - (264 + -278).
20
Evaluate (-4 - 9) + (-6 - -10).
-9
Calculate 20 + (11 - 24) - 7.
0
Evaluate 9 + -11 - 8 - (-14 - 0).
4
Evaluate (10 - -1) + (-12 - -4 - 0) - 14.
-11
Calculate 31 + -22 + 3 - 33.
-21
Calculate (9 - -5) + -14 + (2 - 10).
-8
Evaluate (45 - 49 - (-3 - -17)) + 6.
-12
What is the value of (-2 + -7 - -6) + (-2 - 0) + 4?
-1
What is the value of 13 + (-3 - (-6 + -4 + 18))?
2
What is (0 - 1) + 0 + -17 + 9?
-9
Calculate 62 + -67 - (-18 - (-4 + 2 + 3)).
14
What is the value of 3 + -6 + (-9 + 1 - -8)?
-3
Calculate 14 + (47 - 47 - (5 + -2)) + 0.
11
What is 0 + (4 - 1) - (-26 - (-36 + 19))?
12
What is (-1 - -9) + (63 + -61 - -3)?
13
Calculate 1802 + -1791 + (0 - 33).
-22
What is the value of 1 + 31 - (-478 - -495)?
15
What is -2 + 3 - (-35 - -38) - (-6 + 2)?
2
Calculate -19 + 15 + (15 - 19) + 0.
-8
-8 + -1 + 2 + -9 - (-7 - -1)
-10
9 - (2 + -10 + 11) - 0 - 5
1
What is the valu